t is -609 + -1ca?
-7d4
In base 15, what is -1 + decd?
decc
In base 14, what is -2370 - -9?
-2365
In base 10, what is 70424 - 19?
70405
In base 9, what is -4 - 386735?
-386740
In base 15, what is 5deb + 2?
5ded
In base 16, what is -19 - -93f?
926
In base 8, what is -722247 - 3?
-722252
In base 10, what is -17473 + 1?
-17472
In base 14, what is 2a19 - 2ab?
274c
In base 13, what is 195 - 5?
190
In base 16, what is 1 + 259c8?
259c9
In base 6, what is -334303 - 155?
-334502
In base 8, what is 1467 - -4135?
5624
In base 15, what is -14 - 31dc?
-3201
In base 8, what is -541015 + -4?
-541021
In base 13, what is -2c2 - -139?
-186
In base 6, what is -31300 + -1?
-31301
In base 6, what is -3 + -435154?
-435201
In base 6, what is -222 + 2512?
2250
In base 5, what is 0 - 10230343?
-10230343
In base 6, what is -3222424 - -4?
-3222420
In base 3, what is -10021201001011 - -12?
-10021201000222
In base 4, what is 2 + 2302313?
2302321
In base 9, what is 1 + 103512?
103513
In base 9, what is 626677 - 4?
626673
In base 6, what is 0 - -130443?
130443
In base 6, what is -11 + -32042?
-32053
In base 12, what is -3097 - -b?
-3088
In base 12, what is -31494 - 0?
-31494
In base 15, what is -6e0e + -1d?
-6e2c
In base 3, what is -2120022 + 1002?
-2112020
In base 4, what is -1222310 + -12013?
-1300323
In base 5, what is -4114 - 2013?
-11132
In base 7, what is 33 + -5?
25
In base 3, what is 200012120120 - -11?
200012120201
In base 2, what is 110001011001001 - -1001010?
110001100010011
In base 13, what is -22475 - 3?
-22478
In base 4, what is 0 + -2033030?
-2033030
In base 2, what is 1101110 - 11010010010110?
-11010000101000
In base 9, what is 3174 - -186?
3371
In base 10, what is 1459 - -14?
1473
In base 14, what is -4ca - b6?
-5a2
In base 6, what is 3024431 - 23?
3024404
In base 3, what is -1221010 + 21222?
-1122011
In base 16, what is 2f - ebd?
-e8e
In base 5, what is 2 - -241224?
241231
In base 5, what is -4 - -10201433?
10201424
In base 8, what is 2570361 + 2?
2570363
In base 10, what is 1 + -975?
-974
In base 2, what is -100010110111111100 - 10?
-100010110111111110
In base 10, what is 118 + -35?
83
In base 5, what is 12204 - 2043?
10111
In base 5, what is 1120143 + 21?
1120214
In base 9, what is 278165 + 2?
278167
In base 4, what is 110022 + -11320?
32102
In base 4, what is -10001132331 - 2?
-10001132333
In base 6, what is 224344 + -20?
224324
In base 6, what is -33552152 - 4?
-33552200
In base 4, what is -11 - -121033221?
121033210
In base 4, what is -1 - 1121332?
-1121333
In base 6, what is -335252 + -204?
-335500
In base 5, what is -11 + 10220?
10204
In base 4, what is -3220 + 3232?
12
In base 16, what is -6b967 + 1?
-6b966
In base 5, what is -330030224 + 2?
-330030222
In base 9, what is -46 + 274?
227
In base 9, what is -187 - -1148?
851
In base 11, what is -353 + 48?
-306
In base 5, what is 3042341 + -21?
3042320
In base 3, what is 12 + -1000011022?
-1000011010
In base 12, what is 641 + -60?
5a1
In base 12, what is -6b4 + -41?
-735
In base 5, what is -10 + -433032?
-433042
In base 7, what is -6334 - 12?
-6346
In base 3, what is -211221000211 + 2?
-211221000202
In base 9, what is -2 + -2032505?
-2032507
In base 16, what is -55 + -298?
-2ed
In base 6, what is -10543 + -133?
-11120
In base 4, what is 2003 + -221002?
-212333
In base 16, what is 74df - 1?
74de
In base 10, what is -133803 + -2?
-133805
In base 5, what is -1424 - 13404?
-20333
In base 15, what is 5 + -34a5?
-34a0
In base 10, what is -325 + 70?
-255
In base 7, what is -13 + -540?
-553
In base 7, what is 26006 + 2?
26011
In base 14, what is 1b954 - -6?
1b95a
In base 14, what is -5 + 10a7?
10a2
In base 7, what is 230666 - -1?
231000
In base 6, what is 3 - 1205504?
-1205501
In base 12, what is -7879 + 0?
-7879
In base 5, what is 4 + -1410231?
-1410222
In base 6, what is -3 - 432425?
-432432
In base 3, what is 10121202110 + 2?
10121202112
In base 4, what is 21210 + 101120?
122330
In base 13, what is 0 - -5095?
5095
In base 6, what is -32 - 20022?
-20054
In base 5, what is -10 - 24214?
-24224
In base 4, what is -230313 + 23?
-230230
In base 14, what is 77c + -dc?
680
In base 16, what is -1b152 + 2?
-1b150
In base 2, what is 101 - -1011111010011101000?
1011111010011101101
In base 5, what is 23114020 - 2?
23114013
In base 12, what is 5 - 185110?
-185107
In base 3, what is -201 + -220220211?
-220221112
In base 13, what is -25a5a + -2?
-25a5c
In base 11, what is -13895 + 2?
-13893
In base 3, what is -10 - 20111010?
-20111020
In base 10, what is 2026 - 25?
2001
In base 3, what is 110 - 22021001?
-22020121
In base 5, what is -1411 - 12121?
-14032
In base 16, what is -b + -80?
-8b
In base 3, what is 10111 - -10010?
20121
In base 14, what is -a82 - 60?
-b02
In base 14, what is -8ca + 35d?
-56b
In base 6, what is -15425540 + 1?
-15425535
In base 6, what is -52334514 + -1?
-52334515
In base 7, what is -561 - -40?
-521
In base 2, what is -10101 - -11000?
11
In base 9, what is 51514 - 3?
51511
In base 13, what is -192 + -29?
-1bb
In base 11, what is 136 - 107?
2a
In base 10, what is 43 - 442?
-399
In base 6, what is -2153333 + 10?
-2153323
In base 15, what is -94 - -4db?
447
In base 15, what is -d3485 - -2?
-d3483
In base 9, what is 85634 - 0?
85634
In base 5, what is -32044242 - -30?
-32044212
In base 11, what is -15a - 89?
-238
In base 16, what is a8 - -33?
db
In base 7, what is 10152051 - 2?
10152046
In base 8, what is -533 + 751?
216
In base 14, what is 1 - 2039?
-2038
In base 4, what is 31332332 - -10?
31333002
In base 11, what is 69972a - 0?
69972a
In base 10, what is -687 + -38?
-725
In base 5, what is -1113133144 + -4?
-1113133203
In base 10, what is 5 + -105197?
-105192
In base 12, what is a602 - 5?
a5b9
In base 14, what is 204 - -10?
214
In base 13, what is 4 - -47674?
47678
In base 16, what is -983d - f?
-984c
In base 3, what is 10122020 - -2?
10122022
In base 4, what is 30 + 20211110?
20211200
In base 7, what is -62352 - 3?
-62355
In base 3, what is 10 + -1111010?
-1111000
In base 2, what is 10000011000011001 + 101?
10000011000011110
In base 8, what is 5 - 34521?
-34514
In base 13, what is -b1 - 399?
-47a
In base 13, what is 3 - 2b768?
-2b765
In base 6, what is 13512 + 1113?
15025
In base 15, what is -a58a + -1?
-a58b
In base 12, what is a755 - -21?
a776
In base 7, what is 12 + 641646?
641661
In base 2, what is 1010110101 - 1101111?
1001000110
In base 5, what is -3024 - -32?
-2442
In base 5, what is 1 - 11043443?
-11043442
In base 14, what is -3 - 81989?
-8198c
In base 14, what is d + -3cbc?
-3cad
In base 3, what is -211 + 21121100202?
21121022221
In base 13, what is 12 + -61b02?
-61ac0
In base 16, what is -10 - -f7d?
f6d
In base 5, what is 22134211 + 4?
22134220
In base 10, what is 182425 - -1?
182426
In base 7, what is 51 + -4264?
-4213
In base 9, what is 4666 - -63?
4740
In base 3, what is 21220 - -21?
22011
In base 11, what is -437762 + -5?
-437767
In base 7, what is 63 - 1053?
-660
In base 6, what is 405 - 303150?
-302341
In base 5, what is -11234 - -14?
-11220
In base 13, what is -40239 - 1?
-4023a
In base 13, what is -441b2 + -2?
-441b4
In base 5, what is -40 - 224312?
-224402
In base 12, what is 379 - 55?
324
In base 13, what is 14 - 117a?
-1166
In base 12, what is 22 + -1399?
-1377
In base 10, what is -487089 + -1?
-487090
In base 7, what is -5 - -1254623?
1254615
In base 6, what is -13240 + 20?
-13220
In base 12, what is 4462 - -206?
4668
In base 7, what is 23123 + -31?
23062
In base 9, what is 3 + 4340?
4343
In base 3, what is -2 + -100222010111?
-100222010120
In base 14, what is 26 + -454a?
-4524
In base 4, what is 10023202 - -2?
10023210
In base 11, what is 3932 + 5?
3937
In base 2, what is -111001111 + -100110000101?
-101101010100
In base 9, what is 222704 + 4?
222708
In base 7, what is -14 - -534042?
534025
In base 16, what is -2 + 110ae8?
110ae6
In base 11, what is -8181 - -5?
-8177
In base 9, what is -84888 + 0?
-84888
In base 12, what is 5 + 7273?
7278
In base 12, what is 4a5562 - -5?
4a5567
In base 3, what is 1 + 120000202211?
120000202212
In base 6, what is -12514 - 12230?
-25144
In base 11, what is -2318 + -71?
-2389
In base 4, what is 0 - -20313?
20313
In base 9, what is -13150 + 13?
-13136
In base 13, what is -6aa9a - 5?
-6aaa2
In base 2, what is 1101110101110 + 1001011001?
11110000